*i - 180. Suppose -z = -258*o + 255*o - 54, 60 = -3*o - z. What is c(o)?
-9
Let l(r) = r**2 - 8*r - 7. Suppose 3*c - 7*t + 4*t = 72, -4*c = 5*t - 51. Suppose -6*b + 5*u = -7*b + c, -3*b + 35 = 4*u. Calculate l(b).
2
Suppose -15 = -3*w, 5*t + 3*w = t + 79. Let q(u) = -5*u**2 + 21*u - t*u + u**3 - 12*u + 2. Let k be 34/6 + (-18)/(-54). Give q(k).
-4
Let k(x) = -4640074*x + 4640074*x + 11 - 12*x**2 - 10. Let r = -1 + 5. Suppose -4*f - r*h = -11 + 31, -h = 4. Determine k(f).
-11
Suppose 0 = -5*r + 293 + 122. Let p(i) = 2*i**2 - 5*i**2 - 1 - 79*i + r*i. Let x be ((-2)/(-4))/((-1)/18*-3). Determine p(x).
-16
Let r(c) = c**3 - 3*c**2 - c - 1. Let i(s) = 3*s**3 - 16*s**2 + 12*s + 15. Let n(a) = i(a) - 2*r(a). Let l be n(8). Let o(j) = -38*j**2 + j - 1. Calculate o(l).
-38
Let r(j) = 2*j - 4*j - 6*j + j - 1 - 1. Determine r(1).
-9
Let p = -1 + -1. Let x(y) = -2*y**3 - 107*y**2 + 51*y + 32. Let r(l) = -l**3 - 57*l**2 + 27*l + 17. Let o(k) = 15*r(k) - 8*x(k). Calculate o(p).
1
Let w = 109 - 104. Let r(d) be the first derivative of d**4/4 - 5*d**3/3 + 3*d**2/2 - 6*d + 15. What is r(w)?
9
Let j(u) = 3 - 4 + 0*u - 3*u. Let q be (-3)/(-6)*(147 + 5). Suppose 7*t = -83 + q. Determine j(t).
2
Let f(x) be the first derivative of x**4/6 - 7*x**3/6 + x**2 + 70. Let k(a) be the second derivative of f(a). Calculate k(3).
5
Suppose -3*i - 3*w - 6 = 0, 5*i + 5*w + 14 = 2*w. Let k(a) = -2*a**2 - 5*a + 5. Calculate k(i).
-7
Let x = 133 - 133. Let b(s) = x*s**3 + 5*s**2 - s**3 + 4058 - 4056 + 4*s. Determine b(6).
-10
Let o(i) be the third derivative of -i**5/60 - i**4/24 - 2*i**3/3 + 9*i**2. Suppose -5*u = -8*w - 40, 19*w = 18*w - 5. Calculate o(u).
-4
Let q(p) = -3*p + 4. Let t(z) = -z + 1. Let g(m) = -2*m - 7. Let i be g(-3). Let d(f) = i*q(f) + 4*t(f). What is d(6)?
-6
Let c be 5 + -1 - 3/(-3). Suppose -5*a - 76*g = -79*g - 9, -4*a = 4*g - 20. Let r(h) = 1 + c*h + a*h + 3*h. Give r(1).
12
Let a(u) = -8*u**2 - u**3 - 9 + u + u**2 - 8*u. Let i be (-10)/20*(30/(-75))/((-2)/60). Determine a(i).
-3
Suppose -4*u + 14 = -3*v, -v + 3*u = -5*v + 23. Let f(g) = -g**v - 19*g - 23*g + 40*g - 2 + 5 - 7*g**3 - 4. Give f(-1).
7
Let s = -370 + 422. Let k = -54 + s. Let p(l) = 4*l**2 + 5*l + 1. Let d(h) = -h. Let j(m) = -6*d(m) - p(m). Give j(k).
-19
Let z(d) = 2*d - 4*d - d**3 + 11*d**2 - 9*d. Let o be -6*6/(-72) + (-5)/2. Let b be -1 + (-2)/o - -10. Give z(b).
-10
Let i(s) be the second derivative of 5*s**3/2 - s**2/2 + 2*s + 563. Determine i(1).
14
Suppose 90 = -21*d + 11*d. Let f(m) = m**2 + 7*m - 13. Let c be f(d). Let h(g) = 2*g - 6. Give h(c).
4
Suppose 131 = -11*m + 76. Let b(o) = -o**2 - 8*o - 6. Give b(m).
9
Suppose 0 = 19*w + 40*w + 166160 - 166927. Let t = -5 - -8. Let o(d) = t - 10 + d - 11. Give o(w).
-5
Suppose 5*w - 15 = 0, 0 = 4*s - w + 5*w - 76. Let d(a) = -4*a - 3*a**3 + 15 + 4*a**3 - s + 4 + 4*a**2. Give d(-5).
-2
Let b(c) = 0*c - 7 - 2*c**2 + c**2 + 3*c + 6. Let v be 12/66 - 159/(-33). Suppose -4*m - 19 = -m - v*y, -m - 3*y = -17. Give b(m).
1
Let t(o) be the first derivative of 3*o**2/2 + 2*o - 1. Let x(q) = 4*q + 2. Suppose -27*f + 256 = 37*f. Let l(c) = f*x(c) - 5*t(c). Determine l(7).
5
Suppose 3*s = 4*x + 8 + 6, 0 = -3*x - 3*s. Let q be 7/(x/(-2)) - 1. Let v(g) = -2*g - 9 + g + q. Determine v(-8).
5
Suppose -9*m + 56 + 106 = 0. Let a be (-16)/(-3)*m/12. Let g(h) = 4*h + 3*h - a*h. Calculate g(-7).
7
Let z(l) = 5*l - 2*l - 191 + 172 + 10*l**2 - 9*l**2 + l. What is z(3)?
2
Let n(b) be the first derivative of -b**2 - 96*b + 1906. Determine n(-43).
-10
Let d(g) = 3*g**2 + 2*g + 2. Suppose 0 = -10*v - 164 - 6. Let j be 7 + (v - (7 + -15)). Give d(j).
10
Suppose -83*w = -370 - 1207. Let s(c) = c**2 - 21*c + 36. What is s(w)?
-2
Suppose 0 = 3*a - 9587 + 617. Let l(v) = -a + 2990 + 10*v. Determine l(1).
10
Let l(o) = 4*o**3 + 24*o**2 + 58*o + 28. Let t(d) = d**3 + 8*d**2 + 19*d + 9. Let x(a) = 2*l(a) - 7*t(a). Calculate x(9).
-79
Let c = 230 - 228. Let v(l) = 6 + 10 - 10 - 13*l**2 + 14*l**c + 8*l. Let b be (-3)/(-12) - 29/4. Determine v(b).
-1
Let s(w) = -92*w**2 + 51*w**3 - 17*w**3 - 14*w**3 - 24*w + 102*w**2 - 19*w**3 - 8. Calculate s(-12).
-8
Let y be (-5 - -4 - -13)/2. Let u(h) = h**3 - y*h + 2*h**2 + 2*h + 3*h + 4. Suppose -3*s = -3*a - 9, 3*a + 2*a = 2*s - 18. Calculate u(a).
-24
Let g(u) = -31. Let m(o) = -o - 65. Let a(s) = 13*g(s) - 6*m(s). Determine a(3).
5
Let d be -1 - ((-11)/(-44) + (-58)/8). Let g(c) = c**2 - 3 + 15*c - 6*c - d - 2. Give g(-10).
-1
Let i(j) = j**3 + 46*j**2 + 45*j - 3. Let d be i(-45). Let k(v) = -v**3 + 3*v - 1. What is k(d)?
17
Let q(a) = -10*a + 127. Let t = -783 - -796. Give q(t).
-3
Suppose -135*g + 18 = -129*g + 2*t, -t + 13 = 5*g. Let a(z) = -9*z**2 - 10*z + 18. Give a(g).
-38
Let z(o) = o**3 - 3*o**2 - 2. Let v be z(3). Let i(f) = -f**3 - 3*f**2. Let u(c) = -4*c**3 - 15*c**2 + c - 1. Let b(s) = -5*i(s) + u(s). What is b(v)?
-11
Let u(h) be the second derivative of h**5/20 + 7*h**4/12 - 3*h**3/2 - 3*h**2/2 + 472*h. Let l be 1 + 3 + (-36)/(5 - 2). Give u(l).
5
Let d(h) = -1. Let k(n) = -5*n. Let f(p) = d(p) - k(p). Suppose -9*i = 22 - 4. Let z be (85/34)/(1/i). Give f(z).
-26
Let d(t) = t**2 - 9*t - 2. Let x = -144 - -291. Suppose 4353*m - 4377*m = 3312. Let p = m + x. Calculate d(p).
-2
Let b = -236028 - -236030. Let n(t) be the first derivative of -2*t**2 + 3*t - 1. What is n(b)?
-5
Let h = 9 + -12. Let l(g) be the first derivative of 1/2*g**2 - 50 + 1/3*g**3 - g. What is l(h)?
5
Let c(y) be the third derivative of y**6/120 + 13*y**5/60 + 47*y**4/24 + 5*y**3 + 4204*y**2. Calculate c(-6).
0
Let h be ((-72)/30)/(-6) + 336/35. Let a(y) = y**3 - 11*y**2 + 10*y + 3. Determine a(h).
3
Let r(p) = p**2 - 8*p + 9. Let u be r(8). Suppose -13 = -5*a - 2*k, k - u = -3*a - 1. Let b(i) = i**3 - 4*i**2 + 3*i - 3. What is b(a)?
-3
Let o = 22 + -20. Let u(r) = -5*r**2 - 5*r - 3*r**o + 6*r**2. Let b(t) = t**3 + 11*t**2 - 4. Let h be b(-11). Determine u(h).
-12
Let j be 8 + -4 + 1 + -1. Suppose 19 = -k + j*d, -32 = 3*k - 4*d - 7. Let n(z) = -z**2 - 4*z - 2. What is n(k)?
1
Let n(d) = d**2 - d. Let k be n(2). Let w(j) = -2*j + 30. Let t be w(-16). Let i(f) = 122*f + 3 - t*f + f**k - 70*f. Determine i(8).
-13
Suppose 0 = -3*v, -3*v = 5*y - v + 1010. Let o = y + 199. Let k(j) = -2*j + 4. Calculate k(o).
10
Suppose 8 = -15*g - 22. Let d(h) be the first derivative of -8*h**3/3 - h**2/2 - 2*h - 34. Calculate d(g).
-32
Suppose -4*j = -0*j, -135 = -9*w - 3*j. Let v(t) = t - 6. Give v(w).
9
Let j(t) be the third derivative of t**5/30 - t**4/8 - 5*t**3/6 + 27568*t**2 - 1. Suppose 2*l = 6, 5*a - 3*l - 5 = 2*l. Calculate j(a).
15
Let y(m) = m**2 + m + 2. Suppose 0 = 184*l - 185*l + 17. Suppose 2*s = -4*x + 5*s - l, -13 = 2*x - 3*s. Calculate y(x).
4
Let r(a) = -33*a**3 + 47*a**2 - 37*a - 45. Let i(s) = 58*s**3 - 94*s**2 + 76*s + 89. Let w(b) = 4*i(b) + 7*r(b). Calculate w(46).
-5
Let y(q) = 9*q**2 + 34*q - 8. Let c(b) = -26*b**2 - 98*b + 25. Let p(d) = -3*c(d) - 8*y(d). What is p(-4)?
-3
Let u(q) be the third derivative of q**5/60 + 2*q**4/3 + q**3/3 + q**2 + 885*q. What is u(-19)?
59
Let f(h) = -h**3 + 2*h**2 - h - 2. Let v(k) = 21*k**2 - 4*k + 1. Suppose 3*r + 9 = -4*g, 2*g + 7 = -5*r - 2*g. Let x be v(r). Let l = -16 + x. What is f(l)?
-4
Let l(b) = b**3 + 20*b**2 + 40*b + 81. Suppose 22*x - 8*x + 360 = -6*x. Determine l(x).
9
Let m(t) be the first derivative of -t**4/2 - 2*t**3/3 + t**2 + t - 590. What is m(0)?
1
Let n(h) = -23 + 11*h**2 + 2*h + 0*h**3 + h**3 - 2*h**3. Suppose -262*m = -476*m + 245*m - 341. Calculate n(m).
-1
Suppose 10*x - 3 = 17. Let r(m) = -14 - 84*m + m**x + 163*m - 69*m - 3. Determine r(-12).
7
Let w(v) be the second derivative of -3*v**5/20 + 13*v**4/12 + 7*v**3/6 + 11*v**2/2 + 13*v. Let m be w(5). Let t(z) = 3*z + 2. Determine t(m).
-10
Let w(p) = -p**2 + 13*p - 16. Let l = 261 + -220. Suppose 0 = 23*y - l*y + 198. Calculate w(y).
6
Let n(g) = 3*g**2 + 11*g + 9. Let y(b) be the third derivative of b**5/60 + b**4/4 + 5*b**3/6 + 3*b**2 - 6. Let h(t) = 2*n(t) - 5*y(t). Determine h(7).
-14
Let o(m) = -33*m + 1. Let k be o(-2). Let c = k + -67. Let f(v) = -v. Calculate f(c).
0
Let n(r) = -8*r + 25 - 51 + 75. Give n(7).
-7
Let b(o) = -5*o**3 - 14*o**2 + 40*o - 14. Let f(i) = 8*i**3 + 13*i**2 - 39*i + 9. Let u(n) = 3*b(n) + 2*f(n). W